 - 7*q**2 + 15*q + 1. Give v(5).
26
Let o(g) = -g**2 + g + 10. What is o(0)?
10
Let x(n) = -9*n + 11. Calculate x(10).
-79
Let u(r) = 5*r - 106. Give u(33).
59
Let y(f) = f**3 + 5*f**2 - 4*f + 2. What is y(-6)?
-10
Let x(o) = o**3 + 9*o**2 + 3*o + 28. Determine x(-9).
1
Let r(w) = 2*w - 76. Determine r(34).
-8
Let p(i) = i - 5. Give p(-6).
-11
Let o(t) = -40*t - 322. What is o(-8)?
-2
Let u(x) = -3*x**2 + 4. Determine u(2).
-8
Let o(n) = n**3 - 4*n**2 + 3*n - 7. Give o(4).
5
Let h(d) = -2*d + 27. Calculate h(15).
-3
Let y(f) = f**3 + 9*f**2 + f + 2. Give y(-5).
97
Let t(u) = -5*u + 22. What is t(-6)?
52
Let r(p) = p**3 - 6*p**2 - 11*p - 26. Determine r(8).
14
Let v(h) = h - 2. Calculate v(8).
6
Let l(c) = -61*c + 362. Calculate l(6).
-4
Let j(w) = w**3 - 2*w**2 + 4*w + 5. What is j(-3)?
-52
Let z(s) = s**2 - 10*s - 149. Give z(18).
-5
Let s(c) = -2*c**2 - 28*c - 10. Determine s(-13).
16
Let o(k) = -k**2 - 17*k - 14. Determine o(-13).
38
Let o(d) = -d**2 - d - 17. Determine o(0).
-17
Let q(m) = m**2 - 5*m - 1. What is q(4)?
-5
Let z(o) = -11*o - 230. Determine z(-21).
1
Let p(s) = s**2 + 14*s - 8. Give p(-9).
-53
Let d(m) = -26*m + 217. Calculate d(8).
9
Let y(r) = 5*r**2 + 1. Give y(4).
81
Let x(a) = -a**2 - 6*a - 1. What is x(-6)?
-1
Let b(h) = 9*h - 9. Give b(2).
9
Let y(o) = -32*o + 1108. What is y(34)?
20
Let w(b) = -3*b - 48. What is w(-15)?
-3
Let o(f) = -f**2 - 7*f + 23. What is o(-10)?
-7
Let b(q) = 7*q - 4. Determine b(-6).
-46
Let g(f) = -29*f + 6. Give g(3).
-81
Let y(s) = -s**2 + 23*s + 15. What is y(23)?
15
Let k(v) = -22*v + 116. Calculate k(5).
6
Let i(z) = z**3 + 15*z**2 + 17*z + 21. Give i(-14).
-21
Let z(q) = 6*q - 3. What is z(1)?
3
Let i(k) = k**3 - 16*k**2 + 13. Determine i(16).
13
Let w(h) = h**2 + 16*h + 4. Calculate w(-13).
-35
Let n(t) = t**2 + 12*t - 15. Determine n(-13).
-2
Let x(p) = -2*p**3 - p**2 + 4*p + 5. Give x(-2).
9
Let t(b) = 2*b**2 + 4*b + 1. Calculate t(3).
31
Let o(i) = 17*i**2 - 12*i + 13. Give o(1).
18
Let y(k) = k**3 + 7*k**2 + 2*k + 17. Calculate y(-7).
3
Let a(c) = -4*c**2 - 51*c - 69. Give a(-11).
8
Let g(d) = -d**3 + d**2 - 3*d + 9. Give g(3).
-18
Let v(m) = -48*m - 1057. Calculate v(-22).
-1
Let c(b) = 24*b - 1204. What is c(50)?
-4
Let m(n) = n**2 - 4*n - 14. Determine m(5).
-9
Let y(k) = -19*k + 25. Calculate y(1).
6
Let z(o) = -2*o**2 - 36*o + 178. Determine z(-22).
2
Let y(n) = n**2 + 4*n - 2. Give y(5).
43
Let z(n) = -n**2 - 5*n - 5. Give z(-6).
-11
Let q(m) = 4*m**2 + 10*m - 11. Determine q(-8).
165
Let h(p) = -2*p**3 + 10*p**2 - 5. Give h(5).
-5
Let n(d) = -11*d**2 - 231*d - 19. Give n(-21).
-19
Let o(z) = z**3 - z**2 + 2*z + 3. Determine o(0).
3
Let b(l) = 2*l + 21. What is b(-6)?
9
Let g(v) = -6*v**2 + 4*v + 5. What is g(-1)?
-5
Let s(f) = -f**2 + 2*f. Give s(3).
-3
Let s(q) = -q + 9. What is s(16)?
-7
Let m(x) = 35*x - 157. What is m(5)?
18
Let v(m) = -m**3 - 31*m**2 + 11*m + 347. Calculate v(-31).
6
Let l(y) = -2*y**2 - 12*y - 8. Calculate l(-6).
-8
Let r(h) = -6*h**2 + 270*h - 9. Calculate r(45).
-9
Let k(q) = q**3 - 4*q + 11. What is k(4)?
59
Let r(g) = -21*g + 6. What is r(0)?
6
Let w(q) = q**3 + q**2 + 5. Give w(0).
5
Let n(z) = z**3 + 13*z**2 - 2*z + 6. Calculate n(-13).
32
Let i(k) = -117*k - 697. Determine i(-6).
5
Let h(x) = -x**2 - 23*x + 17. What is h(-24)?
-7
Let v(w) = w**3 + 18*w**2 + 86*w + 27. Give v(-9).
-18
Let n(a) = a**3 + 6*a**2 - 6*a - 7. What is n(-7)?
-14
Let m(r) = -3*r**2 - 15*r + 11. Determine m(-7).
-31
Let x(t) = -t**2 + 10*t + 32. Give x(13).
-7
Let x(m) = -m + 9. Give x(7).
2
Let h(r) = 3*r - 23. Calculate h(7).
-2
Let h(m) = m**3 - 9*m - 4. Calculate h(-4).
-32
Let c(n) = 36*n - 15. What is c(0)?
-15
Let p(r) = 16*r**3 + 2*r**2 + 8*r + 7. Determine p(-1).
-15
Let b(o) = 13*o**2 + 8*o - 24. What is b(3)?
117
Let s(z) = z**3 + 23*z**2 - 52*z - 46. Calculate s(-25).
4
Let k(d) = -d**3 - 20*d**2 - 50*d + 20. Determine k(-17).
3
Let u(s) = -2*s**3 - 9*s**2 + 3*s - 1. What is u(-5)?
9
Let g(h) = -88*h**2 - 4*h + 4. Determine g(1).
-88
Let f(b) = -b - 8. What is f(7)?
-15
Let v(g) = 2*g - 42. What is v(16)?
-10
Let l(r) = -2*r**2 + 3*r - 1. Calculate l(-4).
-45
Let n(a) = -a**2 + 12*a + 2. Determine n(11).
13
Let i(g) = -23*g + 176. Calculate i(7).
15
Let x(y) = -8*y - 15. Give x(5).
-55
Let k(l) = -49*l - 3. Calculate k(-1).
46
Let j(i) = i**2 + 21*i - 62. Give j(-24).
10
Let w(t) = -8*t - 417. Determine w(-52).
-1
Let b(i) = -5*i**2 - 43*i + 11. Give b(-9).
-7
Let h(r) = r**2 - 7*r - 101. Give h(13).
-23
Let r(s) = s**2 + 6*s - 9. Determine r(-8).
7
Let t(v) = -v**3 - 11*v**2 - 3. Give t(-11).
-3
Let q(v) = 33*v + 230. What is q(-7)?
-1
Let d(p) = 2*p**2 + p + 5. Give d(0).
5
Let j(z) = -z**2 + 9*z + 2. What is j(7)?
16
Let n(v) = -5*v + 41. Give n(17).
-44
Let t(x) = 15*x + 6. Calculate t(-5).
-69
Let y(u) = -u**3 + 5*u**2 - 4*u + 2. Determine y(4).
2
Let z(p) = -6*p**2 + 9*p + 2. Calculate z(4).
-58
Let g(q) = q**2 - 7*q + 1. Give g(5).
-9
Let y(r) = -51*r + 8. Calculate y(-2).
110
Let w(u) = u**3 + u**2 + u - 7. Calculate w(0).
-7
Let w(b) = b**3 + 37*b**2 + 187*b + 36. Determine w(-31).
5
Let z(k) = 17*k. Calculate z(-4).
-68
Let u(b) = 2*b**2 + 10*b + 16. Calculate u(-6).
28
Let o(k) = k**2 - 15*k + 20. Calculate o(19).
96
Let p(h) = 2*h**3 + 11*h**2 + 10*h + 21. Determine p(-5).
-4
Let v(t) = 3*t - 74. Give v(21).
-11
Let q(l) = -l - 4. Give q(7).
-11
Let j(o) = -o**2 - 15*o - 4. Give j(-16).
-20
Let r(m) = 4*m**2 - 16*m + 2. Determine r(3).
-10
Let m(w) = w**3 - 26*w**2 + 27*w - 53. Give m(25).
-3
Let v(b) = -3*b - 53. Give v(-15).
-8
Let t(z) = -3*z - 41. Determine t(-10).
-11
Let o(r) = -3*r**3 - 6*r**2 - 5*r - 1. Calculate o(-4).
115
Let s(v) = 8*v + 64. Calculate s(-4).
32
Let k(p) = 2*p + 15. Give k(11).
37
Let d(x) = -2*x + 29. Give d(-7).
43
Let h(d) = -d**2 - 8*d - 10. Determine h(-8).
-10
Let k(w) = -5*w**2 + 1. Determine k(1).
-4
Let o(n) = n**3 + 24. Calculate o(0).
24
Let b(w) = w**3 - 4*w**2 - w + 2. Give b(4).
-2
Let a(u) = -u**3 - 24*u**2 - u - 20. Give a(-24).
4
Let r(v) = 17*v + 4. Determine r(2).
38
Let r(n) = 4*n - 3. Determine r(-6).
-27
Let x(q) = -q**2 + 20*q - 76. Give x(14).
8
Let f(k) = k + 11. Give f(-13).
-2
Let n(k) = 3*k - 17. Determine n(11).
16
Let p(d) = 2*d + 25. Calculate p(-14).
-3
Let v(l) = 2*l**3 + 16*l**2 + 26*l + 217. Calculate v(-8).
9
Let c(x) = -x**3 + 14*x**2 + x - 9. Determine c(14).
5
Let w(n) = -2*n - 40. Give w(-21).
2
Let s(z) = -z**3 + 11*z**2 + 25*z + 14. Calculate s(13).
1
Let d(z) = -z**2 - 23*z + 23. Calculate d(-24).
-1
Let a(w) = w**3 + 8*w**2 + 6*w. Give a(-7).
7
Let y(a) = -a**3 + 6*a**2 - 2*a - 2. Give y(5).
13
Let j(l) = 4*l**2 - 1. Calculate j(-1).
3
Let z(c) = c + 4. What is z(2)?
6
Let z(d) = 3*d + 6. Give z(-4).
-6
Let g(c) = -c**3 - 24*c**2 - 27*c - 101. Determine g(-23).
-9
Let t(z) = -z - 72. Give t(0).
-72
Let t(y) = -y**3 + 6*y**2 - 20*y + 59. What is t(5)?
-16
Let m(w) = -w**2 - 8*w - 9. What is m(-6)?
3
Let w(y) = -2*y**3 + 16*y**2 + 4*y + 6. Determine w(8).
38
Let c(k) = -k**3 - 25*k**2 + 58*k + 62. What is c(-27)?
-46
Let q(d) = 3*d + 5. Give q(-17).
-46
Let i(j) = j**2 - 19*j - 3. Determine i(18).
-21
Let y(o) = 167*o. Determine y(1).
167
Let s(r) = r**2 + r - 91. Give s(9).
-1
Let z(c) = 73*c + 217. Determine z(-3).
-2
Let w(t) = t**2 + 25*t + 42. Calculate w(-20).
-58
Let l(a) = -2*a + 13. What is l(10)?
-7
Let t(y) = -18*y + 464. Calculate t(26).
-4
Let u(x) = x**2 + 25*x - 113. What is u(-30)?
37
Let b(w) = -w**3 - 9*w**2 + 3*w - 6. What is b(-9)?
-33
Let h(x) = 55*x - 6. What is h(2)?
104
Let v(p) = -13*p - 9. Give v(-5).
56
Let z(p) = -p**2 - 10*p + 13. What is z(-11)?
2
Let g(b) = b**3 + 2*b**2 - 4*b - 2. What is g(-5)?
-57
Let m(y) = -2*y**2 - 5*y + 22. Calculate m(-4).
10
Let f(c) = 2*c**2 + 66*c + 280. Calculate f(-28).
0
Let r(m) = -2*m**3 + 2*m**2 - 6*m + 5. Give r(2).
-15
Let w(f) = -3*f**2 + 42*f - 145. Determine w(7).
2
Let y(f) = -f**2 - 13*f + 1. What is y(-13)?
1
Let z(y) = -2*y + 11. Determine z(11).
-11
Let y(s) = 2*s**2 + 6*s - 26. What is y(-7)?
30
Let o(h) = h**2 + 13*h - 38. Determine o(-15).
-8
Let l(c) = 3*c**3 - 21*c**2 - 7. What is l(7)?
-7
Let g(f) = 4*f**2 - 4*f + 8. Give g(4).
56
Let n(w) = -w + 4. Calculate n(8).
-4
Let m(v) = v**3 + 13*v**2 + 1